 3. Let r be a(-2). What are the prime factors of 9/18*2*r?
59
Let l = 3496 + -2495. List the prime factors of l.
7, 11, 13
Suppose -2*u = -6*u. Suppose 5*p + 0*l + l - 18 = u, -3*l = -3*p + 18. Suppose p*x + 44 = 6*x. List the prime factors of x.
2, 11
Let w(s) = 2*s**2 + 29*s + 23. Let u(c) = -c**2 - 14*c - 11. Let p(y) = 9*u(y) + 4*w(y). What are the prime factors of p(-6)?
17
Let v be (-10)/15 + 22/6. Suppose 2*t + 3*t + 395 = 5*h, 2*t + 239 = v*h. Suppose 3*b + 18 = z, -23 - h = -4*z + 4*b. List the prime factors of z.
2, 3, 5
Suppose 0 = 146*j - 154*j + 22008. List the prime factors of j.
3, 7, 131
Let r = 2117 - -1845. What are the prime factors of r?
2, 7, 283
Let r(h) = h**2 - 3*h - 10. Let a be r(7). Suppose a*u = 1128 + 2652. What are the prime factors of u?
2, 3, 5, 7
Let h be 15/5 - 1*-26. Let w = 16 + h. Let x = 74 - w. What are the prime factors of x?
29
Let o be 39 + 13 - (-2 - 0). Let l = 1 - 1. Suppose 0 = t + 4*r - o - 1, l = -4*t - 5*r + 187. What are the prime factors of t?
43
Suppose 3*p - 13 - 2 = 0. Suppose 3*a + p + 23 = 2*q, -4*q - a = -70. Suppose 0 = -3*u + 2*u + q. What are the prime factors of u?
17
Let f(p) = 2*p**3 - 5*p**2 - 50*p + 45. Let g(k) = -k**3 + 3*k**2 + 25*k - 22. Let i(w) = -3*f(w) - 7*g(w). What are the prime factors of i(10)?
13
Let j(h) = h**3 + 10*h**2 + h + 10. Let d be j(-10). Suppose 38 = -d*g + g. What are the prime factors of g?
2, 19
Suppose 0 = -9*h + 13*h + 3*x - 781, 5*h + 5*x - 980 = 0. List the prime factors of h.
193
Suppose 4*h - 543 - 3077 = 0. List the prime factors of h.
5, 181
Let j = -153 - -157. Suppose 2*w = j*w - 252. List the prime factors of w.
2, 3, 7
Suppose 2*q + 68 = 6*q. Suppose 0 = 5*t - 3*t - 5*o + 4, -4*o = 3*t - q. Suppose -8*c + 95 = -t*c. What are the prime factors of c?
19
Suppose 35*t = 31*t + 4928. List the prime factors of t.
2, 7, 11
Suppose 141 = 11*p - 8*p. Suppose 0*j - 125 = -5*j. Let z = p - j. What are the prime factors of z?
2, 11
Suppose 9*w = 1030 + 2840. List the prime factors of w.
2, 5, 43
Let h(i) = i**3 + 4*i**2 + 4*i + 2. Let k be h(-2). Let v(t) = -k + 0*t**3 - 1 - 2*t**2 + 0*t**3 + t**3 + 3*t. List the prime factors of v(2).
3
Let t(m) = m**3 - 11*m**2 + 5. Let r be t(11). Let a = r - -11. What are the prime factors of 372/a + (-3)/(-4)?
2, 3
Suppose -4*l - 12 = -6*l. Suppose 3*c - f - 303 = -l*f, -327 = -3*c + 3*f. List the prime factors of c.
2, 53
Let y = 231 + 389. List the prime factors of y.
2, 5, 31
Suppose x + 1185 = 5*i, -2*i - 29*x = -28*x - 474. List the prime factors of i.
3, 79
Let t = -13 + 16. Suppose 5*c = q + 26, 2 = 4*c - t*q - 21. Suppose c*d + 25 = 0, -2*j - 1 = 5*d - 36. What are the prime factors of j?
2, 3, 5
Let f(m) = -234*m. Suppose -27 + 30 = -3*s. What are the prime factors of f(s)?
2, 3, 13
Let i = 89 - 86. Let u(l) = -5*l**3 - l**2. Let m be u(-1). Suppose -3*z + 2*g + 51 = -g, -m*g = i*z - 79. List the prime factors of z.
3, 7
Let g be 10/25 + 9/15. List the prime factors of (30 - 4) + 3/g.
29
List the prime factors of ((-2306)/(-7))/(10/35).
1153
Suppose 4*n = -p - 2*p + 7, -n + 4 = 3*p. Let t be -11 + 17 + -3*p. Suppose 5*v + f = 142, -32 = -5*v - t*f + 114. List the prime factors of v.
2, 7
What are the prime factors of (-2 - (15/(-5) - 1003)) + -4?
2, 5
Let y be 34/(-170)*(-4 + -1). Let w be (1 + -7*7)/(-1). Let l = w - y. List the prime factors of l.
47
Let c(f) = -f**3 - 6*f**2 + 7*f - 11. Let j be c(-6). Let k = 90 + j. List the prime factors of k.
37
Let l(m) = -19*m. Let q be l(3). Let s be (-1)/(-8) + 32379/(-344). Let r = q - s. List the prime factors of r.
37
List the prime factors of (-48)/(-12) - 1194/(-2).
601
Let t(k) = k**2 + 2*k - 4. Let x(d) = d**2 - 2*d - 1. Let h be x(-1). Suppose -h*s + 4*s + 8 = 0. What are the prime factors of t(s)?
2
Let j(i) = -6*i - 4. Let z(o) = -2*o - 1 - 5*o + 5*o. Let k(n) = -2*j(n) + 7*z(n). List the prime factors of k(-3).
7
Suppose -2*v + 62 = 3*s, 0 = -4*s + s + 2*v + 46. What are the prime factors of -3*(-228)/s + (-3)/(-1)?
41
Let t(a) = -a**3 + 10*a**2 - 15*a - 6. Suppose 0 = 5*h - 4 - 31. What are the prime factors of t(h)?
2, 3
Let y = 832 + -490. List the prime factors of y.
2, 3, 19
Suppose 16 = 4*x, -2*p + 9*x - 5*x = -3448. What are the prime factors of p?
2, 433
Suppose 11*m - 15106 = -5910. List the prime factors of m.
2, 11, 19
Suppose -2*h + 79 = -45. Suppose -h = -4*x + 2*x. Suppose -d + x = -31. List the prime factors of d.
2, 31
Suppose 6*g = 4*g + 58. Suppose g = q + 17. What are the prime factors of q?
2, 3
Let i = 122 + -118. Suppose i*d - 273 = -3*l + d, 4*d = l - 76. List the prime factors of l.
2, 11
Let j(z) = 36*z - 10. Let t be j(3). Suppose 0 = -7*l + t + 28. What are the prime factors of l?
2, 3
Let y(i) = -3*i - 8. Suppose 3*o + 4*f = -79, -3*f = f + 4. What are the prime factors of y(o)?
67
Suppose -74 = h - 0*y - y, 2*h + 148 = -5*y. Let n be h*(-4)/8*-3. What are the prime factors of (1/(-1))/(3/n)?
37
Let a(o) be the first derivative of -o**4/4 + 8*o**3/3 + o**2 + 7*o - 14. What are the prime factors of a(6)?
7, 13
Let q(m) = -m + 13. Let k be q(-7). What are the prime factors of (-75)/(-12) + 15/k?
7
Let v(g) = -g**2 + 10. Let d be v(0). Let u be (6 - -4)*4/d. Suppose 0*m - 91 = -2*n + 5*m, u*n - m - 155 = 0. What are the prime factors of n?
2, 19
Suppose 0 = 2*j - 5*j + 117. Suppose -5*y = -j - 6. What are the prime factors of y?
3
Let t = -492 + -82. Let l be t/(-6) + (-10)/(-30). Suppose -4*d = 4*r - l, -r - 4*r + d = -102. List the prime factors of r.
3, 7
Suppose -4956 = -2*s - 5*s. What are the prime factors of s?
2, 3, 59
Let m(l) = l**3 - 7*l**2 - 8*l. Let g be m(8). What are the prime factors of (-1 - -14)/((1 - g)/3)?
3, 13
Let q = 345 - 203. What are the prime factors of q?
2, 71
Let m be -5*(-3)/6*2. Let x = 5 - m. Suppose z + 2*b + 2 = 0, -5*z - b = -x*b - 26. What are the prime factors of z?
2, 3
Let t(o) = -13*o**3 - 2*o**2 - o. Let n be 3 - 24/4 - -6. Suppose -s + 2*a - 4*a = 11, 17 = -2*s - n*a. List the prime factors of t(s).
2, 3
Let k(r) = 13*r**2 + 8*r + 9. What are the prime factors of k(-6)?
3, 11, 13
Let t be (4*6/(-16))/(6/(-104)). Let a = -14 + t. What are the prime factors of a?
2, 3
Let k(w) = -2*w + 17. Let m = -19 - -26. Let d be k(m). Suppose 16 = -d*t + 1, 2*l - 2*t - 18 = 0. What are the prime factors of l?
2
Let k = 1144 + -452. What are the prime factors of k?
2, 173
Let p(s) = -2*s - 3. Let w(i) = -4*i - 6. Let n(f) = 5*p(f) - 3*w(f). Let y be n(-2). What are the prime factors of 0 + (-2)/y + 14?
2
Suppose -x + 491 = r, 4*x - 2104 = 4*r - 100. What are the prime factors of x?
2, 31
Let y(o) = 9*o**2 - o - 2. Suppose 3 = -14*l + 11*l. Let w be y(l). Suppose -w*k + 12*k - 280 = 0. List the prime factors of k.
2, 5, 7
Let q be 4 - ((2 - 2) + 117). Let d = -53 - q. List the prime factors of d.
2, 3, 5
Let k be (-3)/6*(5 + -5). Suppose k = 3*g + 3*g - 84. What are the prime factors of g?
2, 7
Suppose 3*t + 1025 - 191 = 3*s, 2*t - 1418 = -5*s. Suppose -3*d + s + 303 = 0. What are the prime factors of d?
3, 5, 13
Suppose 4*l + 0*l - 652 = 0. Suppose -10*d + l + 457 = 0. List the prime factors of d.
2, 31
Suppose -5*c + o = -655, -4*c + o + 403 = -121. What are the prime factors of c?
131
Let a be 2 + (2 - -2) - 2. Suppose a*g + 35 = 3*g. What are the prime factors of (-9)/12*-4 - g?
2, 19
Let l = -1211 + 4378. List the prime factors of l.
3167
Let g(f) = 20*f**2 - 3*f + 6. Let w be g(2). Suppose 4*l - 2*l = w. List the prime factors of l.
2, 5
Let h = 160 - 107. Let u be 1/(6/(-99))*(-18)/(-9). Let o = h + u. What are the prime factors of o?
2, 5
Suppose 4*g - g = -54. Let f = g - -31. Suppose 3*w - f = 32. List the prime factors of w.
3, 5
Let w be -1 - (1 + (-1 - 1)). Let q = -66 + 81. Suppose m + w*m = q. List the prime factors of m.
3, 5
Suppose b + 2*m = -3*b + 20, -3*b = -2*m - 15. Suppose 0*y - 4*y - 330 = -3*z, -3*z + 327 = -b*y. What are the prime factors of z?
2, 3, 19
Suppose 0 = -2*p - 25 + 1. Let s be ((-18)/8)/(p/(-48)). What are the prime factors of 6/s - (-206)/3?
2, 17
Suppose 4*j = 5*p - 17, 2*j - 3 = 2*p - 9. Suppose -2 = j*d - 6. Suppose 0*m - 5 = -m, -d*l - 4*m = -62. What are the prime factors of l?
3, 7
Let m(l) = 1030*l**2 + 20*l + 23. What are the prime factors of m(-1)